visor of m and 10?
10
Let k = 0 + 5. Suppose k*p - 32 = 68. Calculate the highest common factor of p and 50.
10
Suppose 5*z - q - 69 = 0, 3*q = 5*z - q - 81. What is the highest common divisor of z and 91?
13
Suppose 232 - 208 = 2*l. Calculate the highest common factor of 144 and l.
12
Let i be 74/(-6) - 2/3. Let o = -7 - i. What is the greatest common factor of 42 and o?
6
Suppose 0 = 3*z - 6*z - 4*l + 9, 50 = 5*z - 5*l. Calculate the greatest common divisor of 91 and z.
7
Let m(v) = 6*v - 6. Let i(u) = 11*u - 12. Let b(n) = 2*i(n) - 5*m(n). Let k be b(-6). What is the highest common factor of 81 and k?
27
Let g = 3 + -1. Suppose -8 + 0 = d + 3*x, -d - x + g = 0. What is the highest common divisor of d and 35?
7
Let w(n) = 2*n - 7. Let a be w(5). Suppose 3*j = 69 - 12. Suppose 23 = a*d - j. Calculate the greatest common divisor of d and 7.
7
Let l be ((-72)/(-20))/(2/40). Suppose 4*r + 3*w - 180 = -0*w, -104 = -2*r + 2*w. What is the highest common divisor of l and r?
24
Let u(p) = 10*p - 1. Let s be u(1). Let x = s - 3. Suppose x = 2*k - 90. Calculate the greatest common factor of k and 32.
16
Let b be (-5)/(-15)*(14 + 1). Suppose -3*m = -4*z + 67, b*z + 3*m + 2*m = 40. What is the greatest common divisor of 13 and z?
13
Let b(u) = u - 1. Let w be b(5). Suppose 25 = 5*x - 0*x - y, w*y = 5*x - 25. Suppose -k - x = -2*k. What is the highest common divisor of k and 55?
5
Suppose 2 = -4*x + 3*n + 5, -18 = -3*x - 3*n. Let u be (2 - x) + 12*10. Calculate the greatest common divisor of 17 and u.
17
Let q be (2/8)/(6/168). Calculate the highest common divisor of 7 and q.
7
Suppose -11*r + 273 = 53. Let t be 1/(1 + -2)*-80. Calculate the highest common divisor of r and t.
20
Suppose -4*o + 56 = 3*n + n, 0 = 4*n - o - 31. What is the highest common factor of n and 9?
9
Let z = -43 - -43. Suppose 2*w - 6*w + 3*q + 12 = z, q - 22 = -3*w. Let y = 81 + -27. What is the highest common factor of w and y?
6
Suppose -i + 66 = -77. What is the greatest common divisor of 13 and i?
13
Suppose -q = 5*g - 177, -4*g + 117 + 31 = 4*q. Suppose -g = -5*j + 85. Let i be (1 - 8)*(-48)/28. What is the greatest common divisor of j and i?
12
Let l = 506 - 353. What is the greatest common factor of l and 9?
9
Let s = 38 - 12. Let q = -3 + 7. Suppose -d = 2*f - 9, d - 2*d + 21 = -q*f. What is the highest common factor of d and s?
13
Suppose -3*i + 258 - 15 = 0. What is the greatest common factor of 54 and i?
27
Let d(t) be the first derivative of 71*t**4/4 + t - 2. Let f(n) = -n**2 + 1. Let l be f(0). Let m be d(l). What is the highest common factor of m and 9?
9
Let b(h) = -h**3 - 5*h**2 + 5*h - 6. Let d be b(-6). Suppose -4*c + 29 + 131 = d. What is the greatest common divisor of c and 10?
10
Suppose -2*g = -5*g + 3*j + 12, 0 = -5*g + j + 40. Let k be 0/((-6)/(-3)) + 2. Suppose k*s - 5 = 49. Calculate the highest common factor of g and s.
9
Let t(x) = -3*x**3 + 3*x**2 - 2*x - 2. Let b be t(2). Let d be 4/(-18) - 2974/b. What is the greatest common factor of 15 and d?
15
Suppose 5 = 4*h + h. Suppose -4*v - v + m = 26, -v = 5*m + 26. Let k be 4/v + (-11)/(-3). Calculate the highest common factor of k and h.
1
Suppose 2*w + w = 6. Suppose -w*c + 1 = -3. Let d be (c - -10)/1 + -1. Calculate the highest common factor of 99 and d.
11
Let a(f) = -f**3 + 25*f**2 - 24*f + 3. Let l be a(24). What is the greatest common factor of l and 39?
3
Let s be (-6 + -7)/(1*-1). Suppose -3 = -4*h + s. Let c be (-1)/(-4) + 55/h. What is the highest common divisor of c and 2?
2
Let a(i) = 19*i**2 + i + 3. Let k be a(3). Let n = -89 + k. Calculate the greatest common factor of 8 and n.
8
Let a be 2/6 + 10/6. Let n be (3/a - 2)*-20. Suppose 4*h = -h + 450. What is the greatest common divisor of h and n?
10
Let i = 11 - 8. Let p be i*(-212)/(-6) - 1. Calculate the highest common factor of p and 21.
21
Let d be -1*(3 - (3 - -1)). What is the highest common factor of 1 and d?
1
Let n(s) = -2*s**3 - 22*s**2 - s - 4. Let g be n(-11). What is the highest common factor of g and 21?
7
Let s be (5 - 1)*10/4. Let x be 2/s - 345/(-25). Calculate the greatest common divisor of 98 and x.
14
Let a(u) = -u**2 - 4*u + 7. Let c(z) = -5*z**2 - 21*z + 35. Let n(s) = -11*a(s) + 2*c(s). Let o be n(-5). What is the highest common divisor of o and 8?
8
Suppose -3*z - k = -14, 2*z = 6*z - k - 14. Let a = -57 - -59. Suppose -z*s = f - 52, 2*s - 36 = -a*f - f. What is the highest common divisor of 4 and s?
4
Suppose -5*o - 5 = 0, -5*u + 0*o - o = -49. Let a = 80 + -50. Suppose -2*w + 3*n + 9 + a = 0, 0 = 5*w - 3*n - 84. What is the highest common divisor of u and w?
5
Suppose 5*l = 3*l + 4*v + 506, -3*l - 3*v = -723. Let f = l + -85. Suppose 0 = 4*m + 2*o - 78, -o = -3*o - 2. Calculate the highest common divisor of f and m.
20
Let z be (-868)/(-63) - (-2)/9. Suppose -3*d = z - 35. What is the highest common divisor of d and 49?
7
Let v be (12/10)/((-1)/(-5)). Let f(b) = 16*b - 1. Let k be f(-2). Let w be v/k + (-24)/(-11). What is the greatest common factor of w and 2?
2
Let p be (-115)/(-25) + 3/(-5). What is the greatest common divisor of 4 and p?
4
Suppose -5*w + q = -80, -2*w + 3*q + 32 = -0*w. Calculate the highest common factor of w and 64.
16
Let b = 22 - 9. Calculate the greatest common divisor of b and 52.
13
Let a be 0 - (-1 - 0) - -99. Let j be 80/30 - (-1)/3. Suppose -8*d + j*d = -a. Calculate the greatest common factor of 5 and d.
5
Suppose -3*j = j + g - 104, 0 = j - 5*g - 5. Let a be (-4)/5*(-50)/4. What is the greatest common factor of j and a?
5
Suppose 0 = 4*s + 23 - 7. Let q be ((-20)/25)/(s/30). Let i be 20/q*18/12. What is the highest common factor of i and 1?
1
Suppose 3*z = -5*c + 55 + 15, -4*z - 5*c + 95 = 0. Calculate the greatest common factor of z and 125.
25
Let z(g) = 6 + 11*g + 3 - 16. Let b be z(2). Calculate the greatest common divisor of b and 60.
15
Suppose -5*q = -4*r + 83, -q - 4*q + 25 = 0. Suppose -9*k - 12 = -2*a - 5*k, 3*a - 3*k = r. What is the highest common factor of a and 60?
12
Let r = 147 - 149. Let c be (-2 - -1) + -1*5. Let w be (-34)/(-6) + r/c. What is the greatest common factor of 12 and w?
6
Suppose d - z - 6 = -2*z, -5*z + 16 = -2*d. Let r be 140*((-20)/(-8) - d). What is the highest common divisor of 10 and r?
10
Suppose -497 = -7*k + 385. Calculate the greatest common divisor of k and 63.
63
Let j = 2 + -2. Suppose j = 3*b - 10 - 23. Let x = 92 + -37. Calculate the highest common divisor of b and x.
11
Let c(s) = 2*s + 9. Let b(l) = -4*l - 18. Let o(y) = 3*b(y) + 5*c(y). Let z be (30/4)/(9/(-12)). Let a be o(z). What is the greatest common factor of 33 and a?
11
Let a(p) = -127*p**3 - 2*p**2 - p + 2. Let x be a(-1). Calculate the greatest common divisor of 16 and x.
16
Suppose 0 = -6*y + 236 - 20. What is the greatest common divisor of 4 and y?
4
Let f be (-7)/((-14)/12) - 3. Suppose f*h - h - 120 = 0. What is the highest common factor of h and 12?
12
Let t be (-1)/(2 + (-10)/4). Suppose -2*u + t*d + 4 = 0, -d - 2*d = -u + 2. Calculate the greatest common divisor of u and 14.
2
Suppose 0 = -5*r + 63 + 7. Let g = 22 - 18. Suppose g*q - r = -3*y + y, -5*y - 7 = -4*q. What is the greatest common factor of q and 3?
3
Let f = 15 - 5. Let q = 52 + 18. What is the greatest common divisor of q and f?
10
Let u be 13 + (-1 - (2 + 0)). Let r be ((-132)/u)/(4/(-10)). Calculate the greatest common factor of 22 and r.
11
Let b(m) = 3*m - 6. Let l be b(6). What is the greatest common divisor of l and 48?
12
Let w(n) = -n**3 + n + 6. Let t be w(0). Calculate the greatest common factor of t and 24.
6
Let a = 240 - 235. Let s = -1 + 3. Calculate the highest common divisor of s and a.
1
Let b = -9 + 11. Suppose b*o + 48 = 5*o. Let r(x) = x**3 + 8*x**2 + 2*x - 3. Let s be r(-7). Calculate the greatest common divisor of o and s.
16
Suppose 2*q - 66 = -3*n, -106 = -5*n - 3*q + q. Calculate the highest common divisor of 4 and n.
4
Let z = -6 + 54. Let q be (z/(-10))/((-5)/25). Calculate the highest common factor of q and 12.
12
Let h(z) = 36*z - 9. Let r be h(5). What is the greatest common factor of r and 19?
19
Suppose 0 = r + 4*h + 8, r = 4*h + h + 10. Suppose 5*t - 48 + 3 = r. Let f = 69 + -33. What is the greatest common divisor of f and t?
9
Suppose 79*m = 70*m + 1215. Suppose 2*d 